 - (-8 - 4)) - -1?
13
Evaluate 5 - (100 - 111 - (-1 - 8) - -41).
-34
Calculate -2 - 7 - (-44 + 43).
-8
What is the value of (108 - 99) + -1 + -5?
3
What is the value of -11 + -32 + (12 - 3) - -18?
-16
What is (6 - -31) + (-190 - -153)?
0
What is the value of 4 + (7 - (-1 - -19)) + 0?
-7
Evaluate 3 - 10 - (-2 + 0) - 2.
-7
Calculate 17 + -10 + -7 - -2.
2
-9 - (-28 + (27 - 14))
6
(-2 - -9) + (-22 - -6) + -5
-14
What is 4 - 10 - (11 - (9 - (2 + 1)))?
-11
What is (8 - 2 - 4) + 1 + 2 - 20?
-15
What is the value of 0 - 40 - (12 - 4 - 23)?
-25
-6 + (20 + -38 - -15)
-9
38 + -22 + (-1 - -2) - (3 - 0)
14
What is the value of (-8 - 0 - (-9 + 6)) + 3 + 17?
15
What is the value of (0 - -37) + 21 + (-16 + 3 - 14)?
31
What is the value of (-7 - (-2 - -2 - -1)) + (-623 - -615)?
-16
What is the value of -10 + 9 + 4 + (6 - 4) + -1?
4
What is the value of -4 - 0 - (-6 + (-3 - -5) - -5)?
-5
14 - (-6 + 10 - (-22 - -19)) - -6
13
Calculate 14 + (-54 - (-18 - 0)).
-22
What is 5 + -7 + (4 - (3 - 4) - 11)?
-8
What is (-4 - -44) + -21 + -11?
8
Calculate -6 + (5 + 15 - 7) - -2.
9
What is (21 - 2) + -26 + 3?
-4
Calculate -8 - ((4 + -12 - -7) + -5).
-2
Evaluate 34 + -66 + 57 + -16.
9
What is the value of 0 + -1 + ((12 - 9) + 7 - 9)?
0
-25 + -1 + (3 + -8 - -4) - -2
-25
Calculate 6 + -13 + (3 - -15) + 15.
26
6 - -1 - (28 + -52 - (2 + -18))
15
What is 40 - (23 - 7) - (-1 - (2 - 0))?
27
Evaluate 13 + -5 + 1 + (-62 - -59).
6
What is the value of (-2 - 38) + 8 + 10 + -6?
-28
What is the value of (0 - -1) + -25 - (-155 + 145)?
-14
Evaluate -1 + 7 + 10 + -3.
13
Evaluate 1 - (-11 - -6) - 8 - 8 - -21.
11
What is (-2 - (-8 - -4)) + 2 + -8?
-4
What is the value of 52 - 33 - (2 - (-2 + -4))?
11
What is 88 - 94 - (-16 + (7 - 3 - 1))?
7
Calculate 74 + -110 + (-1 - -18).
-19
What is -5 - ((0 - (-1 - -2)) + -168 + 175)?
-11
What is 19 - (-39 - -68) - (9 + -3)?
-16
3 + (0 - -6) + (-16 - (5 + -22))
10
(-11 + -8 - -10) + 11
2
Calculate (-21 - (-4 - -2)) + (5 - -25) + -28.
-17
Evaluate (-54 - -47) + (3 - 3).
-7
What is the value of 27 + -10 - (-17 + 31)?
3
Calculate 4 + (-11 + 7 - 3).
-3
Evaluate (-1536 + 1539 - (-6 - (0 - -1))) + -34.
-24
Calculate -5 + (0 + (10 - 5) - 0).
0
7 + (0 - 17) - (-1 + 1)
-10
Calculate -12 + (82 - 22) + -29.
19
6 - (-21 + 17 + 17)
-7
-1 + (3 - 0) + (-1 + -8 - -11)
4
Evaluate 45 + -27 - 8 - (-1 + 18).
-7
Evaluate -8 + 6 + 1 + -4.
-5
What is 22 - ((-10 - 5) + 36)?
1
What is the value of (-22 - (6 + -15)) + -7?
-20
20 - (-7 + 29 + 9)
-11
What is (20 - (-3 - -7 - -2)) + 13 + -4?
23
-3 + -4 + (0 - 7) + (-1 - -8)
-7
Evaluate -1 - (15 - 1) - (1 - 72 - -66).
-10
(-3 - ((-28 - -1) + 13)) + -19
-8
What is 4 + -10 + (-20 - -29) - 6?
-3
Evaluate 13 + -1 + -6 + 6 + (-19 - -15).
8
(13 - (15 + 2)) + (-28 - (-4 + -2))
-26
Calculate 1 + 5 + -1 + -9 + 10 + -18.
-12
Calculate (-38 - 2) + (29 + 8 - 21).
-24
(1 - -2 - (1 + -11 + 7)) + -6
0
What is 2 + (-4 - 6 - -4) + 12 + -32?
-24
Evaluate -11 - ((8 - (8 - -4)) + -2).
-5
Evaluate 0 + 3 + (37 - (18 + 3)).
19
What is 5 + -23 - -25 - 7?
0
(0 - (-4 + -1)) + (-7 - (-11 + 6))
3
What is -64 + 58 + (3 - 9) + -5?
-17
What is 4 - (-19 - -18) - -16?
21
Evaluate 14 + (5 - 10) - (7 + 1).
1
Evaluate -16 + (8 + 0 - (27 + -9)).
-26
Evaluate 12 + 27 + 12 + -50.
1
What is the value of 17 + (7 - -4 - 7) + -13?
8
Evaluate (1 + -12 - (-244 - -233)) + -15.
-15
-13 - (-82 + 81 - (-2 + 0))
-14
Evaluate -19 + (-1 - (-3 + -8 - -7)).
-16
Evaluate 15 + (1 - 14 - 2) - (-19 + 1).
18
302 + -348 + (19 - 1)
-28
What is the value of -11 - -8 - 12 - -16?
1
5 - ((2 - 8) + (7 - 7))
11
What is the value of (-5 - -2) + 18 + (678 - 722)?
-29
(8 - 2) + 16 + -19
3
Calculate 38 - (7 + 43) - (0 + -21).
9
What is 9 - (7 - (-2 - (1 + -11))) - 8?
2
What is the value of 3 + (-4 + 3 - 2) - -13?
13
Evaluate -2 + (-4 - 5) + (7 - (-30 - -17)).
9
What is 7 + -1 - (1 + 14 + -31 - 10)?
32
(14 - 22) + -7 + -24 + 12
-27
Evaluate -13 + 1 + (12 - (-27 + 19 + 15)).
-7
Calculate (-1 - -1 - 6 - -5) + 15 + -3.
11
9 + (1 - 6 - (9 + -12)) + 3
10
-7 + (-6 - (5 - 2)) + 8
-8
Calculate (24 - 35) + (-4 - (4 + -9)).
-10
Calculate -14 - (1 + -7 - (-4 + -2 + -1)).
-15
What is the value of -22 - (-11 - 8) - (1 + 0 + -3)?
-1
(1 - -17) + 7 + -5 + -14
6
Calculate 8 - (10 + 11) - -16.
3
What is the value of -25 + -10 + 42 - -17?
24
(8 + -31 - -29) + -10
-4
What is -8 + (14 - 10) + 1?
-3
Calculate 2 + (-20 - 2 - (-2 + (0 - 0))).
-18
-2 - (-7 - (4 + 3))
12
Evaluate (37 - -11 - 35) + -2.
11
What is the value of 27 - (0 + 29) - (0 + 5 + -1)?
-6
Calculate (-2 - 7) + (11 - 4).
-2
Evaluate (-5 - 4) + (-1 - 34) + 35 + -22.
-31
What is 5 - (10 + (-1 - (-3 + 16)))?
9
Evaluate (-13 - -8) + 11 + (1 - 6).
1
Evaluate -1 - 9 - (208 + -241).
23
What is the value of (-27 - 0) + (-3 - (-15 + 13) - -4)?
-24
-23 - (1 + -4 - (34 + -21))
-7
What is -11 + (5 - 6 - -7) - 6?
-11
What is 948 + -959 - (-1 + 1 - (0 - 0))?
-11
Evaluate 24 + -16 + 0 + -13 + -2 + -2.
-9
(1 - -6) + 0 + (-15 - -15)
7
Calculate 4 + (-7 + (5 - -1) - -14 - 2).
15
(-28 - -35) + (6 - (-4 + -5 + 2))
20
Calculate 3 + -13 + (-1 + 1 - 2).
-12
6 + (27 - -6) - 72
-33
What is the value of 14 + -11 + (5 - -6) + 12?
26
What is -1 + 7 + -193 + 167?
-20
What is the value of -4 - ((4 - (-2 - (-2 + 2))) + 0)?
-10
Evaluate 12 + (4 - 17) + 8.
7
What is the value of 1 - (-1 - -3 - 3) - (-7 + 1)?
8
58 + -35 + -56 + 3
-30
Evaluate 13 + -25 + -8 - -12.
-8
What is the value of -6 + (-4 - (2 + -21 - -7)) - 3?
-1
Calculate -6 - (-4 + -8 + 8 + -5).
3
What is the value of 2 + (-17 - -12 - (5 + 0))?
-8
What is the value of -7 + 3 + (-8 - 1) + 22?
9
What is the value of -30 - ((-10 - -22) + -27)?
-15
What is (-3 - (4 + -2)) + (15 - 19)?
-9
Calculate 27 - 18 - (8 + 3).
-2
What is (-14 - (-17 - -6)) + (7 - 1 - -11)?
14
What is 0 - (3 + (4 - 7) - 10 - -5)?
5
Calculate 2 + 3 - (-18 - (-10 + -43)).
-30
What is the value of -6 + 2 - ((-39 - 15) + -4 - -19)?
35
0 + 7 + (-4 - 1) - 11 - 6
-15
Calculate 2 + (1 - -5) - (24 - (-18 + 48)).
14
Calculate (-7 - (-3 + (-18 - -3))) + -5 + 10.
16
What is (-62 - (-4 + -22)) + 3?
-33
(8 - (10 - -17)) + -3 + (1 - -1)
-20
Evaluate 4 + -35 - (230 + -230).
-31
What is 23 + (-4 - (4 - 7 - (-12 - -6)))?
16
What is (-7 - -19) + (-7 - 0 - -12)?
17
What is 3 + (6 - -4) + -4?
9
Calculate -9 - (-19 + (-46 - -76)).
-20
(12 - (-11 - -13) - -4) + -10
4
Evaluate (-37 - -20) + -10 + 22.
-5
Evaluate -2 + 1 + -3 + -8 + (3 - -1).
-8
Calculate 0 + -4 + (4 - 7).
-7
Evaluate (23 - 14) + -1 + (-19 - 1).
-12
What is the value of 7 + (-15 - -17) + (5 - -1) + -35?
-20
What is 5 + 10 - (-1 - 4)?
20
Calculate (1 - ((-3 - -2) + 2)) + 4 + 0.
4
Evaluate 9 - (2 + (3 - -7)) - -23.
20
1 - (-16 + 14 - (3 - 4 - -3))
5
1 - ((2 + 3 - (-5 - -4)) + 8)
-13
Calculate -6 - ((-1 - 4) + 4 + 2).
-7
55 - (-39 + 47 + 15)
32
What is the value of 4 - 17 - (-40 + 30)?
-3
Calculate -17 - (8 - (15 - 1)).
-11
What is -1 + -3 + 170 + -151 + 8?
23
What is 872 - 893 - (6 + (2 - -1))?
-30
Evaluate 2 + (-6 - (1 + (4 - 6))).
-3
Evaluate (-10 - -9 - (0 + 0) - 8) + -2.
-11
What is the value of 1 + -2 + 19 + (-63 - (54 + -120))?
21
What is the value of 12 + 2 + (-8 - 0) + 4?
10
-15 + -11 + (11 - (-1 + -4))
-10
What is the value of -293 - -301 - (-4 - 1)?
13
Calculate 13 + (-7 - 11 - 2).
-7
Evaluate (1 - (2 + -3)) + (130 - 130).
2
What is the value of -4 + 25 + -21 - (-14 + -2)?
16
What is the value of 11 + 21 + -53 + 30?
9
What is -11 - (-40 - (-19 + 15))?
25
-9 - (10 - (34 + -8)) - 7
0
What is (-4 + 11 - -2 - 1) + 7 + 2?
17
(0 - -16) + 111 + -90 - 15
22
Calculate 27 + -14 + 11 + -19.
5
What is 1197 - 1187 - (-15 + (3 - 1))?
23
Calculate 8 - (3 + 9 + -6) - (2 + -3).
3
What is 1 - 1 - (89 - 92) - 13?
-10
What is the value of 4 - (16 + (-3 - 6)) - -2?
-1
-5 + 0 + 9 + -7 + -8 + 13
2
Calculate -1 - -9 - (8 + 3) - (10 + 1).
-14
What is the value of 4 + -6 + -1 - (-11 - (-8 + 8))?
8
Evaluate (8 - (-9 + 26)) + 3 + 3.
-3
What is -6 - (-23 - (-4 - 12))?
1
What is 11 + -1 + (-6 + 5 - (-9 + 14))?
4
Evaluate 8 + -7 + 15 - 7.
9
Calculate 12 + (-3 - 19) + (3 - 2) - -5.
-4
-12 + (-1 - (-1 - 1)) + -375 + 377
-9
What is the value of -40 - 1 - (154 - 197)?
2
(10 - 1) + (8 + -3 - 7)
7
Evaluate (0 - -11 - -3) + -6.
8
Evaluate -11 - (4 + (23 - 11)).
-27
Evaluate (2 - -5) + (-1 - 4) + 4.
6
-31 + 33 - (-1 + -9)
12
What is the value of -706 - -